late -10 - (-6 + 1 + -3) - -2.
0
Evaluate -7 - -4 - (-2 + -2).
1
-3 - 1 - (-8 + 7 - 5)
2
1 - (-5 - (-7 - 1 - -6))
4
-5 + -6 + 1 + 6
-4
What is 0 - -3 - (7 + -2)?
-2
Evaluate (1 + 6 - 5) + 3.
5
What is 0 - (2 - 0) - (-3 - -5)?
-4
What is the value of 16 + -17 - (-2 - 4)?
5
Evaluate (-3 - (-3 - -2)) + -1.
-3
What is the value of 4 + (-3 - 4) + (-1 - -1)?
-3
What is the value of (2 - 2 - 11) + 8?
-3
Evaluate 1 + 0 + (2 - 5 - -5).
3
What is the value of (1 - 4) + (-4 - -5) + -2?
-4
What is the value of (14 - 17) + (-6 - -4)?
-5
What is (0 - -2 - 5) + -1?
-4
What is the value of -4 + 0 + -3 + 12?
5
What is the value of 1 + 2 + 4 + -2 + 2?
7
(10 - 5) + -5 + (4 - 2)
2
Evaluate (8 - (17 - (7 - 8))) + 1.
-9
What is 13 - (15 - (15 + -10))?
3
What is -5 + (2 - (-8 + 0)) + 0?
5
Evaluate 0 - (-4 + 2 + 5 - 6).
3
What is the value of -2 + (9 - (0 + (-4 - -6)))?
5
-4 + (5 - 2) + -4
-5
What is the value of -9 + 8 - (2 + 0 - 4)?
1
What is -3 + 0 + (-4 - -3)?
-4
Evaluate (-3 - (-1 - 6)) + -1.
3
What is the value of (-5 - 1) + 12 + -9?
-3
Evaluate 2 + 3 + -1 + -2.
2
What is -5 + 7 - -7 - 5?
4
What is the value of -6 - ((0 - -6) + -7)?
-5
-4 - (-6 - -11 - 2 - 5)
-2
What is the value of -15 - (4 - 12 - -1)?
-8
Calculate (0 - 5) + (-2 - -5) - -4.
2
Calculate -4 - -1 - (126 + -132).
3
-3 - (-6 - (-3 - 2))
-2
What is 5 - 1 - (44 + -39)?
-1
Evaluate -2 + -1 + -3 - -7.
1
What is the value of 6 - (2 - 3) - (-138 - -146)?
-1
What is -19 + 25 + (-2 - 13)?
-9
What is the value of (7 - 1) + -5 - 1?
0
Evaluate 11 + 1 - 14 - (-6 + -1).
5
Calculate -6 + 2 + (4 + -4 - -5).
1
What is the value of -7 - (3 + (-1 - 1)) - -3?
-5
Evaluate (-3 - 2 - -18) + -21 + 15.
7
Calculate 11 + -11 + -4 + 7.
3
What is the value of -8 + (-3 - (-3 + 0)) + 1?
-7
Evaluate -9 + (-16 - -4) + 12.
-9
What is the value of (-1 - -1) + -19 + 22?
3
Calculate 27 + -13 - (4 - (-6 + 4)).
8
0 + -4 - (-1 - 0 - -2)
-5
What is -3 + (-2 + -1 - -2) + 8?
4
Calculate -3 + -12 + 10 + -2.
-7
What is 16 + (-8 - (-6 + 7))?
7
-1 - -1 - (-41 + 38)
3
Evaluate -2 - (8 + -7 - 1).
-2
What is -5 - (-6 - 0 - -12 - 3)?
-8
Calculate 13 + (-14 - -6) + -6.
-1
What is 6 + -3 + -4 + 5 + -9?
-5
What is (2 - 4) + 3 - -3?
4
Evaluate -2 + -11 - (2 - (16 + -8)).
-7
(-13 - -9 - -1) + -4
-7
(0 - 5) + 0 + -2 + 6
-1
-3 + (7 - -4) + -13
-5
(-1 - 0) + 3 + 6 + -5
3
What is the value of 3 + -2 + 10 + -4 + -3?
4
What is -8 + 4 - 2 - -7?
1
Evaluate -10 - (-16 + 1 + 13).
-8
What is 6 - -1 - (2 + 2)?
3
30 + -40 - (1 + -3)
-8
What is the value of 0 - (0 - (8 + (-6 - -2)))?
4
Evaluate 5 + -2 + -3 + -2 + 6.
4
1 - -3 - (1 + 2)
1
Evaluate 8 - (17 + -11) - (3 - 1).
0
What is the value of -7 + (7 - (1 - (-7 - -6)))?
-2
Evaluate (3 - -4) + -2 + -3 + -1.
1
What is -4 - (-8 - -2 - -8)?
-6
What is the value of (-1 - (-10 - -12)) + 4?
1
(-31 - -22) + (4 - 0)
-5
Calculate (-4 - (-2 - 3)) + 0 + -5.
-4
What is (9 - 6 - (7 + 4)) + 1?
-7
What is the value of -1 + (2 - 1) + -2?
-2
What is the value of 2 + (-11 - -1) + 5 + 2?
-1
1 + -1 - (13 - 6 - 6)
-1
What is -3 - (-2 - (7 + 3))?
9
-5 - (5 + -2 - 4 - 0)
-4
What is the value of 1 - 6 - (7 + -7)?
-5
Calculate -5 + (5 - (4 + -4)) - -1.
1
2 + 2 + (6 - 0 - 14)
-4
What is 4 - (-6 + 7 + 7)?
-4
9 + -4 + (-2 - 5)
-2
Evaluate 1 + (-4 - -2) + -3.
-4
What is -10 + (-2 - (-5 - 3))?
-4
Calculate (-3 - -5 - 1) + 3.
4
What is the value of 91 + -102 - (-18 - -1)?
6
What is the value of 12 - (-1 + -8 + 18)?
3
Evaluate (4 - (4 - -4)) + 5 + 1.
2
Calculate (-6 - (3 - 9)) + (-4 - 0).
-4
What is 9 + -8 + 0 + 0 + 4?
5
What is the value of (-11 - (-21 - -15)) + -2 + 1?
-6
Calculate -1 + 0 + -6 + 9 + 1.
3
Evaluate 4 + -8 + 6 + (1 - 10).
-7
Calculate (-7 - 12 - -7) + 6.
-6
Calculate 1 + 0 + -7 - -6.
0
Calculate -18 - 13 - -12 - -15.
-4
Evaluate -9 - -8 - (-2 - 3).
4
-2 - ((4 - 4) + -1)
-1
What is the value of -2 - (-2 - -3) - -2?
-1
What is the value of 2 + 2 - -1 - 8?
-3
What is 3 + -2 + 2 + -1 + 2?
4
Calculate -43 + 41 + (4 - (1 - 1)).
2
What is the value of -2 + 8 + -5 + 0?
1
29 + -22 - (-3 - -8)
2
1 + -8 + -23 + 26
-4
What is 6 - (-5 + 7 - -2)?
2
Calculate (2 + -5 - 0) + 5.
2
Calculate (-13 - -8 - -17) + -10.
2
Calculate -2 + (0 - 2 - -8).
4
Calculate -3 + 5 + -2 + 1.
1
Calculate -3 + 0 + -8 + 14.
3
9 + -19 + (13 - 12)
-9
What is 1 + -1 - (-9 - -10)?
-1
What is -1 + -4 + 1 + -3 + 3?
-4
What is (14 - 7) + 4 + -5 + -1?
5
What is the value of -1 + 3 + -6 + -2 + 5?
-1
What is the value of -2 + 0 + (2 - -4)?
4
What is the value of -11 - (7 + -12 + -2)?
-4
-5 + -4 + (0 + 4 - -1)
-4
What is 2 - (-4 + 0 - (-10 - -5))?
1
What is the value of 1 - 1 - (4 - (2 - -2))?
0
What is 6 - ((1 - 3) + 4)?
4
-3 - (-1 - (-3 - -8))
3
12 - (11 - (0 - 8))
-7
Calculate -8 + (5 - (5 + -6)).
-2
Calculate (0 - 3) + -2 + 1.
-4
What is 1 - -1 - (1 - (6 - 4))?
3
-4 - ((-4 - -3) + 4 - 6)
-1
-1 - 0 - 1 - (4 - 2)
-4
What is the value of 6 - (-6 + -6 + 17)?
1
Calculate -6 + -11 + 6 + 9.
-2
(-1 - (0 + -3 + 6)) + 0
-4
Calculate -4 + 4 - (4 - 2).
-2
0 + (11 - 7) + -7
-3
Calculate -2 - (5 + -16) - 14.
-5
8 + (1 + -2 - 3)
4
Calculate 4 + -2 + (5 - 7) - 5.
-5
-9 + 4 - 5 - (1 + -6)
-5
What is the value of (2 - (-2 + -1 + 10)) + 8?
3
Evaluate 4 + -4 - 5 - -10.
5
What is 19 - 22 - (5 - 0)?
-8
Evaluate -1 - 0 - (-4 - (3 + -5)).
1
What is 3 + -1 + -6 + 3 - 3?
-4
Evaluate (2 - 3) + 2 + 1 + -2.
0
Evaluate (2 - 4) + (5 - 6).
-3
What is the value of (1 - (6 + -13)) + -3?
5
Evaluate 7 - (2 - -5) - -5.
5
(-4 - -1 - 0) + -2
-5
What is the value of (-5 + (13 - 3) - 9) + 3?
-1
Calculate (-12 - -3) + 7 + -2.
-4
Evaluate -3 + 9 - (3 - (-3 - -3)).
3
0 + (1 - 1) + -2
-2
-6 - (-5 + 3) - -2
-2
What is the value of 4 + -6 + 2 - 4?
-4
What is the value of (-41 - -31) + 5 + 0?
-5
Calculate (2 - -1) + 2 - (6 - -1).
-2
Evaluate 6 - (4 + 5) - (3 - 4).
-2
2 + -6 + (0 - -2) + -2
-4
What is -7 - (-6 - -8 - 4)?
-5
Calculate (18 - (1 + 10)) + -9.
-2
(19 - 16) + (2 - 0)
5
Evaluate -14 - (-2 - (20 - 8)).
0
What is 7 + 1 - (156 + -156)?
8
2 + (-3 - (7 + -8))
0
-77 + 90 + -18 + 2
-3
What is 8 + -9 + (3 - 2 - -1)?
1
Calculate 1 - 0 - (4 + -7).
4
What is 5 - (7 - 1) - -3?
2
Calculate (0 - 5) + (0 - (0 - 1)).
-4
-1 + (6 - 8) - 3
-6
What is 1 + 4 + 1 + -16 + 12?
2
Calculate 6 + -8 + 0 + 1.
-1
-1 + -8 + 8 + -5 + 3
-3
What is the value of (1 - (1 - 0)) + 1 + -3?
-2
What is the value of -2 - 0 - (2 + -1 + -2)?
-1
0 - (-5 + -1 - (30 - 43))
-7
6 - ((1 - (8 - 3)) + 7)
3
What is the value of 1 + (-1 - -5 - 1) + 2?
6
Evaluate -1 + -4 + -15 + 36 + -13.
3
What is the value of 39 + -41 - (-2 - 4)?
4
What is the value of -14 + 9 - (-2 - -1)?
-4
What is the value of -8 + 5 - (-5 - 5)?
7
Evaluate 5 + (7 - 20 - -13).
5
Evaluate -2 + -2 + 1 + 9.
6
What is the value of 1 + (-5 - -2) + 12 + -13?
-3
What is 4 + -1 + 1 - (-3 + 4)?
3
Evaluate 2 - (3 + 3) - (-8 - -5).
-1
Evaluate -3 - ((0 - 6) + -2).
5
Calculate (0 - 5 - -4) + 3.
2
Calculate 2 + 1 + 2 + (0 - 6).
-1
What is -2 + 6 - -3 - 0?
7
2 + 2 + 0 + -2 + -5
-3
What is the value of -10 + (1 - -2) - (86 + -82)?
-11
Calculate 3 + 0 + (-18 - -23).
8
Evaluate 3 + (5 - 5) - 0.
3
Evaluate (5 - (-2 - -9) - -6) + -12.
-8
Calculate -1 - (-14 - (-6 - 1)).
6
3 + 2 + -9 - (5 + -7)
-2
What is the value of 1 + -3 - (-26 + 24)?
0
What is the value of -5 + 2 + 13 + -7?
3
30 + -24 - (4 + 2 - 2)
2
What is the value of -5 + (3 - (-2 + 2)) - -2?
0
What is -8 + 3 + 7 - -7?
9
What is (-3 - (-6 - -4 - -3)) + 9?
5
Calculate (4 - 1 - 0) + 5 + -5.
3
-6 + (-1 - (0 - (7 - 4)))
-4
Evaluate 2 - (0 + -3 + 2 - 2).
5
Calculate 2 + (-5 - 1) - (-12 + 11).
-3
Evaluate 2 + -8 + (4 - 0).
-2
1 - ((3 - (3 + -1)) + -3)
3
Calculate (-1 - -4) + -4 + (-1 - -5).
3
-3 + (0 - (1 - 9))
5
What is the value of (3 - 7 - -2) + (1 - -2)?
1
Calculate 13 + -9 + (5 - (5 + -3)).
7
What is 6 + -5 - -6 - 2?
5
What is -4 + (7 - 0) + -1 + 0?
2
What is -1 + 3 + (5 - 7) - 5?
-5
Calculate 2 - (-4 - (4 - 10)).
0
-2 + -2 + -18 + 24
2
What is the value of 6 - 7 - (2 - 2)?
-1
What is 1 + 1 + (2 - (6 - -3))?
-5
Calculate -2 + -2 + 4 + -3 - -6.
3
What is -3 - (-2 - -6 - 3)?
-4
Evaluate 1 + (-4 - -8) + -10.
-5
What is the value of -6 + 3 + 23 + -24?
-4
-12 + 7 - (-1 + 0 - 9)
5
Evaluate -4 - (5 - (4 + -2)).
-7
Calculate -4 + 0 + (332 - 327).
1
What is the value of -14 + 8 - (1 - 12)?
5
Calculate 2 - (10 + -10 - -9).
-7
What is (0 - 4) + 5 - (6 - 0)?
-5
What 